{"id":1529,"date":"2025-09-17T14:45:47","date_gmt":"2025-09-17T17:45:47","guid":{"rendered":"https:\/\/congressodeclinicas.com.br\/4cicm\/?page_id=1529"},"modified":"2025-09-17T15:28:03","modified_gmt":"2025-09-17T18:28:03","slug":"5-cicm","status":"publish","type":"page","link":"https:\/\/congressodeclinicas.com.br\/4cicm\/5-cicm\/","title":{"rendered":"5\u00ba CICM"},"content":{"rendered":"\t\t<div data-elementor-type=\"wp-page\" data-elementor-id=\"1529\" class=\"elementor elementor-1529\" data-elementor-post-type=\"page\">\n\t\t\t\t<div class=\"elementor-element elementor-element-64e2610a e-flex e-con-boxed e-con e-parent\" data-id=\"64e2610a\" data-element_type=\"container\" data-e-type=\"container\" data-settings=\"{&quot;background_background&quot;:&quot;video&quot;,&quot;background_video_link&quot;:&quot;https:\\\/\\\/www.youtube.com\\\/watch?v=DcGVSlr5_38&quot;,&quot;background_video_start&quot;:2,&quot;background_video_end&quot;:56,&quot;background_play_on_mobile&quot;:&quot;yes&quot;}\">\n\t\t\t\t\t<div class=\"e-con-inner\">\n\t\t<div class=\"elementor-background-video-container\">\n\t\t\t\t\t\t\t<div class=\"elementor-background-video-embed\" role=\"presentation\"><\/div>\n\t\t\t\t\t\t<\/div><div class=\"elementor-element elementor-element-51a953 e-flex e-con-boxed e-con e-child\" data-id=\"51a953\" data-element_type=\"container\" data-e-type=\"container\">\n\t\t\t\t\t<div class=\"e-con-inner\">\n\t\t\t\t<div class=\"elementor-element elementor-element-e15596a elementor-widget elementor-widget-image\" data-id=\"e15596a\" data-element_type=\"widget\" data-e-type=\"widget\" data-widget_type=\"image.default\">\n\t\t\t\t<div class=\"elementor-widget-container\">\n\t\t\t\t\t\t\t\t\t\t\t\t\t\t\t<img fetchpriority=\"high\" decoding=\"async\" width=\"719\" height=\"224\" src=\"https:\/\/congressodeclinicas.com.br\/4cicm\/wp-content\/uploads\/2025\/09\/logo-fundo-e1758131266218.jpg\" class=\"attachment-large size-large wp-image-1540\" alt=\"\" srcset=\"https:\/\/congressodeclinicas.com.br\/4cicm\/wp-content\/uploads\/2025\/09\/logo-fundo-e1758131266218.jpg 719w, https:\/\/congressodeclinicas.com.br\/4cicm\/wp-content\/uploads\/2025\/09\/logo-fundo-e1758131266218-300x93.jpg 300w\" sizes=\"(max-width: 719px) 100vw, 719px\" \/>\t\t\t\t\t\t\t\t\t\t\t\t\t\t\t<\/div>\n\t\t\t\t<\/div>\n\t\t<div class=\"elementor-element elementor-element-6b3cae7f e-flex e-con-boxed e-con e-child\" data-id=\"6b3cae7f\" data-element_type=\"container\" data-e-type=\"container\" data-settings=\"{&quot;background_background&quot;:&quot;classic&quot;}\">\n\t\t\t\t\t<div class=\"e-con-inner\">\n\t\t\t\t<div class=\"elementor-element elementor-element-73fcb7fc elementor-invisible elementor-widget elementor-widget-heading\" data-id=\"73fcb7fc\" data-element_type=\"widget\" data-e-type=\"widget\" data-settings=\"{&quot;_animation&quot;:&quot;fadeInDown&quot;,&quot;_animation_delay&quot;:200}\" data-widget_type=\"heading.default\">\n\t\t\t\t<div class=\"elementor-widget-container\">\n\t\t\t\t\t<h1 class=\"elementor-heading-title elementor-size-default\">Dias: 4, 5 e 6<\/h1>\t\t\t\t<\/div>\n\t\t\t\t<\/div>\n\t\t\t\t<div class=\"elementor-element elementor-element-4bf1e989 elementor-invisible elementor-widget elementor-widget-heading\" data-id=\"4bf1e989\" data-element_type=\"widget\" data-e-type=\"widget\" data-settings=\"{&quot;_animation&quot;:&quot;fadeInDown&quot;,&quot;_animation_delay&quot;:300}\" data-widget_type=\"heading.default\">\n\t\t\t\t<div class=\"elementor-widget-container\">\n\t\t\t\t\t<h3 class=\"elementor-heading-title elementor-size-default\">de Setembro de 2026<\/h3>\t\t\t\t<\/div>\n\t\t\t\t<\/div>\n\t\t\t\t<div class=\"elementor-element elementor-element-793ea98 elementor-invisible elementor-widget elementor-widget-heading\" data-id=\"793ea98\" data-element_type=\"widget\" data-e-type=\"widget\" data-settings=\"{&quot;_animation&quot;:&quot;fadeInDown&quot;,&quot;_animation_delay&quot;:300}\" data-widget_type=\"heading.default\">\n\t\t\t\t<div class=\"elementor-widget-container\">\n\t\t\t\t\t<h1 class=\"elementor-heading-title elementor-size-default\"><b>em S\u00e3o Paulo<\/b><\/h1>\t\t\t\t<\/div>\n\t\t\t\t<\/div>\n\t\t\t\t<div class=\"elementor-element elementor-element-5ad18d00 elementor-invisible elementor-widget elementor-widget-heading\" data-id=\"5ad18d00\" data-element_type=\"widget\" data-e-type=\"widget\" data-settings=\"{&quot;_animation&quot;:&quot;fadeInUp&quot;,&quot;_animation_delay&quot;:300}\" data-widget_type=\"heading.default\">\n\t\t\t\t<div class=\"elementor-widget-container\">\n\t\t\t\t\t<div class=\"elementor-heading-title elementor-size-default\">Ser\u00e3o 3 dias intensos de imers\u00e3o, conex\u00f5es e estrat\u00e9gias para levar sua cl\u00ednica a um novo n\u00edvel.\n<br><br>\nAs inscri\u00e7\u00f5es j\u00e1 est\u00e3o abertas com valores especiais de lan\u00e7amento.\n<br><b>Garanta seu ingresso e viva o extraordin\u00e1rio!<\/b><\/div>\t\t\t\t<\/div>\n\t\t\t\t<\/div>\n\t\t\t\t<div class=\"elementor-element elementor-element-3ee14f88 elementor-align-center elementor-invisible elementor-widget elementor-widget-button\" data-id=\"3ee14f88\" data-element_type=\"widget\" data-e-type=\"widget\" data-settings=\"{&quot;_animation&quot;:&quot;fadeInUp&quot;,&quot;_animation_delay&quot;:350}\" data-widget_type=\"button.default\">\n\t\t\t\t<div class=\"elementor-widget-container\">\n\t\t\t\t\t\t\t\t\t<div class=\"elementor-button-wrapper\">\n\t\t\t\t\t<a class=\"elementor-button elementor-button-link elementor-size-md\" href=\"https:\/\/congressodeclinicas.com.br\/4cicm\/redirecionamento\/\">\n\t\t\t\t\t\t<span class=\"elementor-button-content-wrapper\">\n\t\t\t\t\t\t\t\t\t<span class=\"elementor-button-text\">Vendas Abertas<\/span>\n\t\t\t\t\t<\/span>\n\t\t\t\t\t<\/a>\n\t\t\t\t<\/div>\n\t\t\t\t\t\t\t\t<\/div>\n\t\t\t\t<\/div>\n\t\t\t\t\t<\/div>\n\t\t\t\t<\/div>\n\t\t\t\t<div class=\"elementor-element elementor-element-e6c435f elementor-widget elementor-widget-spacer\" data-id=\"e6c435f\" data-element_type=\"widget\" data-e-type=\"widget\" data-widget_type=\"spacer.default\">\n\t\t\t\t<div class=\"elementor-widget-container\">\n\t\t\t\t\t\t\t<div class=\"elementor-spacer\">\n\t\t\t<div class=\"elementor-spacer-inner\"><\/div>\n\t\t<\/div>\n\t\t\t\t\t\t<\/div>\n\t\t\t\t<\/div>\n\t\t\t\t<div class=\"elementor-element elementor-element-cae9e3e elementor-widget elementor-widget-heading\" data-id=\"cae9e3e\" data-element_type=\"widget\" data-e-type=\"widget\" data-widget_type=\"heading.default\">\n\t\t\t\t<div class=\"elementor-widget-container\">\n\t\t\t\t\t<h6 class=\"elementor-heading-title elementor-size-default\">\u00daltimas postagens do nosso Instagram<\/h6>\t\t\t\t<\/div>\n\t\t\t\t<\/div>\n\t\t\t\t<div class=\"elementor-element elementor-element-65d903a elementor-widget elementor-widget-stratum-instagram\" data-id=\"65d903a\" data-element_type=\"widget\" data-e-type=\"widget\" data-widget_type=\"stratum-instagram.default\">\n\t\t\t\t<div class=\"elementor-widget-container\">\n\t\t\t\t\t<p>The access token could not be decrypted. Your access token is currently invalid. <a href=\"https:\/\/congressodeclinicas.com.br\/4cicm\/wp-admin\/admin.php?page=stratum-settings#stratum_api\" target=\"_blank\">Please re-authorize your Instagram account<\/a>.<\/p>\t\t\t\t<\/div>\n\t\t\t\t<\/div>\n\t\t\t\t<div class=\"elementor-element elementor-element-258d5c0 elementor-widget elementor-widget-spacer\" data-id=\"258d5c0\" data-element_type=\"widget\" data-e-type=\"widget\" data-widget_type=\"spacer.default\">\n\t\t\t\t<div class=\"elementor-widget-container\">\n\t\t\t\t\t\t\t<div class=\"elementor-spacer\">\n\t\t\t<div class=\"elementor-spacer-inner\"><\/div>\n\t\t<\/div>\n\t\t\t\t\t\t<\/div>\n\t\t\t\t<\/div>\n\t\t\t\t<div class=\"elementor-element elementor-element-cf2726e elementor-widget elementor-widget-spacer\" data-id=\"cf2726e\" data-element_type=\"widget\" data-e-type=\"widget\" data-widget_type=\"spacer.default\">\n\t\t\t\t<div class=\"elementor-widget-container\">\n\t\t\t\t\t\t\t<div class=\"elementor-spacer\">\n\t\t\t<div class=\"elementor-spacer-inner\"><\/div>\n\t\t<\/div>\n\t\t\t\t\t\t<\/div>\n\t\t\t\t<\/div>\n\t\t\t\t\t<\/div>\n\t\t\t\t<\/div>\n\t\t\t\t\t<\/div>\n\t\t\t\t<\/div>\n\t\t\t\t<\/div>\n\t\t","protected":false},"excerpt":{"rendered":"<p>Dias: 4, 5 e 6 de Setembro de 2026 em S\u00e3o Paulo Ser\u00e3o 3 dias intensos de imers\u00e3o, conex\u00f5es e estrat\u00e9gias para levar sua cl\u00ednica a um novo n\u00edvel. As inscri\u00e7\u00f5es j\u00e1 est\u00e3o abertas com valores especiais de lan\u00e7amento. Garanta seu ingresso e viva o extraordin\u00e1rio! Vendas Abertas \u00daltimas postagens do nosso Instagram<\/p>\n","protected":false},"author":1,"featured_media":0,"parent":0,"menu_order":0,"comment_status":"closed","ping_status":"closed","template":"elementor_canvas","meta":{"footnotes":""},"class_list":["post-1529","page","type-page","status-publish","hentry"],"_links":{"self":[{"href":"https:\/\/congressodeclinicas.com.br\/4cicm\/wp-json\/wp\/v2\/pages\/1529","targetHints":{"allow":["GET"]}}],"collection":[{"href":"https:\/\/congressodeclinicas.com.br\/4cicm\/wp-json\/wp\/v2\/pages"}],"about":[{"href":"https:\/\/congressodeclinicas.com.br\/4cicm\/wp-json\/wp\/v2\/types\/page"}],"author":[{"embeddable":true,"href":"https:\/\/congressodeclinicas.com.br\/4cicm\/wp-json\/wp\/v2\/users\/1"}],"replies":[{"embeddable":true,"href":"https:\/\/congressodeclinicas.com.br\/4cicm\/wp-json\/wp\/v2\/comments?post=1529"}],"version-history":[{"count":58,"href":"https:\/\/congressodeclinicas.com.br\/4cicm\/wp-json\/wp\/v2\/pages\/1529\/revisions"}],"predecessor-version":[{"id":1616,"href":"https:\/\/congressodeclinicas.com.br\/4cicm\/wp-json\/wp\/v2\/pages\/1529\/revisions\/1616"}],"wp:attachment":[{"href":"https:\/\/congressodeclinicas.com.br\/4cicm\/wp-json\/wp\/v2\/media?parent=1529"}],"curies":[{"name":"wp","href":"https:\/\/api.w.org\/{rel}","templated":true}]}}

5º CICM

<div data-elementor-type="wp-page" data-elementor-id="1529" class="elementor elementor-1529" data-elementor-post-type="page">
				<div class="elementor-element elementor-element-64e2610a e-flex e-con-boxed e-con e-parent" data-id="64e2610a" data-element_type="container" data-e-type="container" data-settings="{&quot;background_background&quot;:&quot;video&quot;,&quot;background_video_link&quot;:&quot;https:\/\/www.youtube.com\/watch?v=DcGVSlr5_38&quot;,&quot;background_video_start&quot;:2,&quot;background_video_end&quot;:56,&quot;background_play_on_mobile&quot;:&quot;yes&quot;}">
					<div class="e-con-inner">
		<div class="elementor-background-video-container">
							<div class="elementor-background-video-embed" role="presentation"></div>
						</div><div class="elementor-element elementor-element-51a953 e-flex e-con-boxed e-con e-child" data-id="51a953" data-element_type="container" data-e-type="container">
					<div class="e-con-inner">
				<div class="elementor-element elementor-element-e15596a elementor-widget elementor-widget-image" data-id="e15596a" data-element_type="widget" data-e-type="widget" data-widget_type="image.default">
				<div class="elementor-widget-container">
															<img fetchpriority="high" decoding="async" width="719" height="224" src="https://congressodeclinicas.com.br/4cicm/wp-content/uploads/2025/09/logo-fundo-e1758131266218.jpg" class="attachment-large size-large wp-image-1540" alt="" srcset="https://congressodeclinicas.com.br/4cicm/wp-content/uploads/2025/09/logo-fundo-e1758131266218.jpg 719w, https://congressodeclinicas.com.br/4cicm/wp-content/uploads/2025/09/logo-fundo-e1758131266218-300x93.jpg 300w" sizes="(max-width: 719px) 100vw, 719px" />															</div>
				</div>
		<div class="elementor-element elementor-element-6b3cae7f e-flex e-con-boxed e-con e-child" data-id="6b3cae7f" data-element_type="container" data-e-type="container" data-settings="{&quot;background_background&quot;:&quot;classic&quot;}">
					<div class="e-con-inner">
				<div class="elementor-element elementor-element-73fcb7fc elementor-invisible elementor-widget elementor-widget-heading" data-id="73fcb7fc" data-element_type="widget" data-e-type="widget" data-settings="{&quot;_animation&quot;:&quot;fadeInDown&quot;,&quot;_animation_delay&quot;:200}" data-widget_type="heading.default">
				<div class="elementor-widget-container">
					<h1 class="elementor-heading-title elementor-size-default">Dias: 4, 5 e 6</h1>				</div>
				</div>
				<div class="elementor-element elementor-element-4bf1e989 elementor-invisible elementor-widget elementor-widget-heading" data-id="4bf1e989" data-element_type="widget" data-e-type="widget" data-settings="{&quot;_animation&quot;:&quot;fadeInDown&quot;,&quot;_animation_delay&quot;:300}" data-widget_type="heading.default">
				<div class="elementor-widget-container">
					<h3 class="elementor-heading-title elementor-size-default">de Setembro de 2026</h3>				</div>
				</div>
				<div class="elementor-element elementor-element-793ea98 elementor-invisible elementor-widget elementor-widget-heading" data-id="793ea98" data-element_type="widget" data-e-type="widget" data-settings="{&quot;_animation&quot;:&quot;fadeInDown&quot;,&quot;_animation_delay&quot;:300}" data-widget_type="heading.default">
				<div class="elementor-widget-container">
					<h1 class="elementor-heading-title elementor-size-default"><b>em São Paulo</b></h1>				</div>
				</div>
				<div class="elementor-element elementor-element-5ad18d00 elementor-invisible elementor-widget elementor-widget-heading" data-id="5ad18d00" data-element_type="widget" data-e-type="widget" data-settings="{&quot;_animation&quot;:&quot;fadeInUp&quot;,&quot;_animation_delay&quot;:300}" data-widget_type="heading.default">
				<div class="elementor-widget-container">
					<div class="elementor-heading-title elementor-size-default">Serão 3 dias intensos de imersão, conexões e estratégias para levar sua clínica a um novo nível.
<br><br>
As inscrições já estão abertas com valores especiais de lançamento.
<br><b>Garanta seu ingresso e viva o extraordinário!</b></div>				</div>
				</div>
				<div class="elementor-element elementor-element-3ee14f88 elementor-align-center elementor-invisible elementor-widget elementor-widget-button" data-id="3ee14f88" data-element_type="widget" data-e-type="widget" data-settings="{&quot;_animation&quot;:&quot;fadeInUp&quot;,&quot;_animation_delay&quot;:350}" data-widget_type="button.default">
				<div class="elementor-widget-container">
									<div class="elementor-button-wrapper">
					<a class="elementor-button elementor-button-link elementor-size-md" href="https://congressodeclinicas.com.br/4cicm/redirecionamento/">
						<span class="elementor-button-content-wrapper">
									<span class="elementor-button-text">Vendas Abertas</span>
					</span>
					</a>
				</div>
								</div>
				</div>
					</div>
				</div>
				<div class="elementor-element elementor-element-e6c435f elementor-widget elementor-widget-spacer" data-id="e6c435f" data-element_type="widget" data-e-type="widget" data-widget_type="spacer.default">
				<div class="elementor-widget-container">
							<div class="elementor-spacer">
			<div class="elementor-spacer-inner"></div>
		</div>
						</div>
				</div>
				<div class="elementor-element elementor-element-cae9e3e elementor-widget elementor-widget-heading" data-id="cae9e3e" data-element_type="widget" data-e-type="widget" data-widget_type="heading.default">
				<div class="elementor-widget-container">
					<h6 class="elementor-heading-title elementor-size-default">Últimas postagens do nosso Instagram</h6>				</div>
				</div>
				<div class="elementor-element elementor-element-65d903a elementor-widget elementor-widget-stratum-instagram" data-id="65d903a" data-element_type="widget" data-e-type="widget" data-widget_type="stratum-instagram.default">
				<div class="elementor-widget-container">
					<p>The access token could not be decrypted. Your access token is currently invalid. <a href="https://congressodeclinicas.com.br/4cicm/wp-admin/admin.php?page=stratum-settings#stratum_api" target="_blank">Please re-authorize your Instagram account</a>.</p>				</div>
				</div>
				<div class="elementor-element elementor-element-258d5c0 elementor-widget elementor-widget-spacer" data-id="258d5c0" data-element_type="widget" data-e-type="widget" data-widget_type="spacer.default">
				<div class="elementor-widget-container">
							<div class="elementor-spacer">
			<div class="elementor-spacer-inner"></div>
		</div>
						</div>
				</div>
				<div class="elementor-element elementor-element-cf2726e elementor-widget elementor-widget-spacer" data-id="cf2726e" data-element_type="widget" data-e-type="widget" data-widget_type="spacer.default">
				<div class="elementor-widget-container">
							<div class="elementor-spacer">
			<div class="elementor-spacer-inner"></div>
		</div>
						</div>
				</div>
					</div>
				</div>
					</div>
				</div>
				</div>

<p>Dias: 4, 5 e 6 de Setembro de 2026 em São Paulo Serão 3 dias intensos de imersão, conexões e estratégias para levar sua clínica a um novo nível. As inscrições já estão abertas com valores especiais de lançamento. Garanta seu ingresso e viva o extraordinário! Vendas Abertas Últimas postagens do nosso Instagram</p>
